{"id":518,"date":"2021-06-27T14:36:32","date_gmt":"2021-06-27T14:36:32","guid":{"rendered":"https:\/\/voletsbleuslorraine.fr\/?page_id=518"},"modified":"2024-12-20T09:55:59","modified_gmt":"2024-12-20T09:55:59","slug":"accueil-velosvtt","status":"publish","type":"page","link":"https:\/\/voletsbleuslorraine.fr\/?page_id=518","title":{"rendered":"7\/ accueil v\u00e9los\/VTT"},"content":{"rendered":"<p>Nous pouvons ranger les v\u00e9los\/VTT dans un endroit s\u00e9curis\u00e9.<\/p>\n<p>Possibilit\u00e9 de nettoyage et r\u00e9parations.<\/p>\n<p>Possibilit\u00e9 de recharger les VAE.<\/p>\n","protected":false},"excerpt":{"rendered":"<p>Nous pouvons ranger les v\u00e9los\/VTT dans un endroit s\u00e9curis\u00e9. Possibilit\u00e9 de nettoyage et r\u00e9parations. Possibilit\u00e9 de recharger les VAE.<\/p>\n","protected":false},"author":1,"featured_media":0,"parent":0,"menu_order":0,"comment_status":"closed","ping_status":"closed","template":"","meta":{"footnotes":""},"class_list":["post-518","page","type-page","status-publish","hentry"],"_links":{"self":[{"href":"https:\/\/voletsbleuslorraine.fr\/index.php?rest_route=\/wp\/v2\/pages\/518","targetHints":{"allow":["GET"]}}],"collection":[{"href":"https:\/\/voletsbleuslorraine.fr\/index.php?rest_route=\/wp\/v2\/pages"}],"about":[{"href":"https:\/\/voletsbleuslorraine.fr\/index.php?rest_route=\/wp\/v2\/types\/page"}],"author":[{"embeddable":true,"href":"https:\/\/voletsbleuslorraine.fr\/index.php?rest_route=\/wp\/v2\/users\/1"}],"replies":[{"embeddable":true,"href":"https:\/\/voletsbleuslorraine.fr\/index.php?rest_route=%2Fwp%2Fv2%2Fcomments&post=518"}],"version-history":[{"count":4,"href":"https:\/\/voletsbleuslorraine.fr\/index.php?rest_route=\/wp\/v2\/pages\/518\/revisions"}],"predecessor-version":[{"id":711,"href":"https:\/\/voletsbleuslorraine.fr\/index.php?rest_route=\/wp\/v2\/pages\/518\/revisions\/711"}],"wp:attachment":[{"href":"https:\/\/voletsbleuslorraine.fr\/index.php?rest_route=%2Fwp%2Fv2%2Fmedia&parent=518"}],"curies":[{"name":"wp","href":"https:\/\/api.w.org\/{rel}","templated":true}]}}

7/ accueil vélos/VTT

<p>Nous pouvons ranger les vélos/VTT dans un endroit sécurisé.</p>
<p>Possibilité de nettoyage et réparations.</p>
<p>Possibilité de recharger les VAE.</p>

<p>Nous pouvons ranger les vélos/VTT dans un endroit sécurisé. Possibilité de nettoyage et réparations. Possibilité de recharger les VAE.</p>
