{"id":470,"date":"2016-05-01T13:09:30","date_gmt":"2016-05-01T13:09:30","guid":{"rendered":"https:\/\/voletsbleuslorraine.fr\/?page_id=470"},"modified":"2021-06-27T14:24:02","modified_gmt":"2021-06-27T14:24:02","slug":"amezule","status":"publish","type":"page","link":"https:\/\/voletsbleuslorraine.fr\/?page_id=470","title":{"rendered":"voie verte de la vall\u00e9e de l&rsquo;Amezule et circuits de randonn\u00e9e"},"content":{"rendered":"<p>L&rsquo;Amezule est un petit ruisseau qui prend sa source dans le village d&rsquo;Herb\u00e9viller sur Amezule, dans le territoire du Grand-Couronn\u00e9. Il se jette dans la Meurthe, au moulin noir \u00e0 Lay St Christophe.<\/p>\n<p>Lien vers la voie verte\u00a0 et les circuits de randonn\u00e9e:\u00a0<a href=\"https:\/\/www.comcom-sgc.fr\/decouvrir\/a-faire\/se-balader\/\">Se balader | Seille et Grand Couronn\u00e9 (comcom-sgc.fr)<\/a><a href=\" http:\/\/www.cc-gc.fr\/mes-services\/tourisme\/voie-verte\"><br \/>\n<\/a><\/p>\n<p><a href=\"https:\/\/voletsbleuslorraine.fr\/wp-content\/uploads\/2016\/05\/voie-verte.jpg\"><img loading=\"lazy\" decoding=\"async\" class=\"alignnone size-medium wp-image-477\" alt=\"voie verte\" src=\"https:\/\/voletsbleuslorraine.fr\/wp-content\/uploads\/2016\/05\/voie-verte-300x211.jpg\" width=\"300\" height=\"211\" srcset=\"https:\/\/voletsbleuslorraine.fr\/wp-content\/uploads\/2016\/05\/voie-verte-300x211.jpg 300w, https:\/\/voletsbleuslorraine.fr\/wp-content\/uploads\/2016\/05\/voie-verte.jpg 847w\" sizes=\"auto, (max-width: 300px) 100vw, 300px\" \/><\/a><\/p>\n","protected":false},"excerpt":{"rendered":"<p>L&rsquo;Amezule est un petit ruisseau qui prend sa source dans le village d&rsquo;Herb\u00e9viller sur Amezule, dans le territoire du Grand-Couronn\u00e9. Il se jette dans la Meurthe, au moulin noir \u00e0 Lay St Christophe. Lien vers la voie verte\u00a0 et les &hellip; <a href=\"https:\/\/voletsbleuslorraine.fr\/?page_id=470\">Continuer la lecture <span class=\"meta-nav\">&rarr;<\/span><\/a><\/p>\n","protected":false},"author":1,"featured_media":0,"parent":353,"menu_order":0,"comment_status":"closed","ping_status":"closed","template":"","meta":{"footnotes":""},"class_list":["post-470","page","type-page","status-publish","hentry"],"_links":{"self":[{"href":"https:\/\/voletsbleuslorraine.fr\/index.php?rest_route=\/wp\/v2\/pages\/470","targetHints":{"allow":["GET"]}}],"collection":[{"href":"https:\/\/voletsbleuslorraine.fr\/index.php?rest_route=\/wp\/v2\/pages"}],"about":[{"href":"https:\/\/voletsbleuslorraine.fr\/index.php?rest_route=\/wp\/v2\/types\/page"}],"author":[{"embeddable":true,"href":"https:\/\/voletsbleuslorraine.fr\/index.php?rest_route=\/wp\/v2\/users\/1"}],"replies":[{"embeddable":true,"href":"https:\/\/voletsbleuslorraine.fr\/index.php?rest_route=%2Fwp%2Fv2%2Fcomments&post=470"}],"version-history":[{"count":11,"href":"https:\/\/voletsbleuslorraine.fr\/index.php?rest_route=\/wp\/v2\/pages\/470\/revisions"}],"predecessor-version":[{"id":517,"href":"https:\/\/voletsbleuslorraine.fr\/index.php?rest_route=\/wp\/v2\/pages\/470\/revisions\/517"}],"up":[{"embeddable":true,"href":"https:\/\/voletsbleuslorraine.fr\/index.php?rest_route=\/wp\/v2\/pages\/353"}],"wp:attachment":[{"href":"https:\/\/voletsbleuslorraine.fr\/index.php?rest_route=%2Fwp%2Fv2%2Fmedia&parent=470"}],"curies":[{"name":"wp","href":"https:\/\/api.w.org\/{rel}","templated":true}]}}

voie verte de la vallée de l&rsquo;Amezule et circuits de randonnée

<p>L&rsquo;Amezule est un petit ruisseau qui prend sa source dans le village d&rsquo;Herbéviller sur Amezule, dans le territoire du Grand-Couronné. Il se jette dans la Meurthe, au moulin noir à Lay St Christophe.</p>
<p>Lien vers la voie verte  et les circuits de randonnée: <a href="https://www.comcom-sgc.fr/decouvrir/a-faire/se-balader/">Se balader | Seille et Grand Couronné (comcom-sgc.fr)</a><a href=" http://www.cc-gc.fr/mes-services/tourisme/voie-verte"><br />
</a></p>
<p><a href="https://voletsbleuslorraine.fr/wp-content/uploads/2016/05/voie-verte.jpg"><img loading="lazy" decoding="async" class="alignnone size-medium wp-image-477" alt="voie verte" src="https://voletsbleuslorraine.fr/wp-content/uploads/2016/05/voie-verte-300x211.jpg" width="300" height="211" srcset="https://voletsbleuslorraine.fr/wp-content/uploads/2016/05/voie-verte-300x211.jpg 300w, https://voletsbleuslorraine.fr/wp-content/uploads/2016/05/voie-verte.jpg 847w" sizes="auto, (max-width: 300px) 100vw, 300px" /></a></p>

<p>L&rsquo;Amezule est un petit ruisseau qui prend sa source dans le village d&rsquo;Herbéviller sur Amezule, dans le territoire du Grand-Couronné. Il se jette dans la Meurthe, au moulin noir à Lay St Christophe. Lien vers la voie verte  et les &hellip; <a href="https://voletsbleuslorraine.fr/?page_id=470">Continuer la lecture <span class="meta-nav">&rarr;</span></a></p>
